{"id":62,"date":"2026-01-22T11:08:47","date_gmt":"2026-01-22T11:08:47","guid":{"rendered":"https:\/\/gestoriadesande.com\/?page_id=62"},"modified":"2026-01-22T14:17:17","modified_gmt":"2026-01-22T14:17:17","slug":"home","status":"publish","type":"page","link":"https:\/\/gestoriadesande.com\/","title":{"rendered":"Home"},"content":{"rendered":"\t\t<div data-elementor-type=\"wp-page\" data-elementor-id=\"62\" class=\"elementor elementor-62\" data-elementor-post-type=\"page\">\n\t\t\t\t<div class=\"elementor-element elementor-element-8c8b549 e-con-full e-flex e-con e-parent\" data-id=\"8c8b549\" data-element_type=\"container\">\n\t\t\t\t<div class=\"elementor-element elementor-element-171eb17 elementor--h-position-center elementor--v-position-middle elementor-arrows-position-inside elementor-pagination-position-inside elementor-widget elementor-widget-slides\" data-id=\"171eb17\" data-element_type=\"widget\" data-settings=\"{&quot;navigation&quot;:&quot;both&quot;,&quot;autoplay&quot;:&quot;yes&quot;,&quot;pause_on_hover&quot;:&quot;yes&quot;,&quot;pause_on_interaction&quot;:&quot;yes&quot;,&quot;autoplay_speed&quot;:5000,&quot;infinite&quot;:&quot;yes&quot;,&quot;transition&quot;:&quot;slide&quot;,&quot;transition_speed&quot;:500}\" data-widget_type=\"slides.default\">\n\t\t\t\t\t\t\t\t\t\t<div class=\"elementor-slides-wrapper elementor-main-swiper swiper\" role=\"region\" aria-roledescription=\"carousel\" aria-label=\"Slides\" dir=\"ltr\" data-animation=\"fadeInUp\">\n\t\t\t\t<div class=\"swiper-wrapper elementor-slides\">\n\t\t\t\t\t\t\t\t\t\t<div class=\"elementor-repeater-item-2e84063 swiper-slide\" role=\"group\" aria-roledescription=\"slide\"><div class=\"swiper-slide-bg\" role=\"img\" aria-label=\"asesoria\"><\/div><div class=\"swiper-slide-inner\" ><div class=\"swiper-slide-contents\"><div class=\"elementor-slide-heading\">Asesoramiento<\/div><div class=\"elementor-slide-description\">Gesti\u00f3n completa de la contabilidad de aut\u00f3nomos y empresas.<\/div><div  class=\"elementor-button elementor-slide-button elementor-size-sm\">VER<\/div><\/div><\/div><\/div><div class=\"elementor-repeater-item-72bd149 swiper-slide\" role=\"group\" aria-roledescription=\"slide\"><div class=\"swiper-slide-bg\" role=\"img\" aria-label=\"Person filling out a mail-in ballot at home, pen in hand and focused expression\"><\/div><div class=\"swiper-slide-inner\" ><div class=\"swiper-slide-contents\"><div class=\"elementor-slide-heading\">Herencia<\/div><div class=\"elementor-slide-description\">Gesti\u00f3n integral de herencias y testamentos<\/div><div  class=\"elementor-button elementor-slide-button elementor-size-sm\">VER<\/div><\/div><\/div><\/div><div class=\"elementor-repeater-item-f918194 swiper-slide\" role=\"group\" aria-roledescription=\"slide\"><div class=\"swiper-slide-bg\" role=\"img\" aria-label=\"extranjeria\"><\/div><div class=\"swiper-slide-inner\" ><div class=\"swiper-slide-contents\"><div class=\"elementor-slide-heading\">Extranjer\u00eda<\/div><div class=\"elementor-slide-description\">Tramitaci\u00f3n de NIE, arraigo, residencia, nacionalidad espa\u00f1ola, renovaciones y recursos.<\/div><div  class=\"elementor-button elementor-slide-button elementor-size-sm\">VER<\/div><\/div><\/div><\/div>\t\t\t\t<\/div>\n\t\t\t\t\t\t\t\t\t\t\t\t\t\t\t<div class=\"elementor-swiper-button elementor-swiper-button-prev\" role=\"button\" tabindex=\"0\" aria-label=\"Previous slide\">\n\t\t\t\t\t\t\t<svg aria-hidden=\"true\" class=\"e-font-icon-svg e-eicon-chevron-left\" viewBox=\"0 0 1000 1000\" xmlns=\"http:\/\/www.w3.org\/2000\/svg\"><path d=\"M646 125C629 125 613 133 604 142L308 442C296 454 292 471 292 487 292 504 296 521 308 533L604 854C617 867 629 875 646 875 663 875 679 871 692 858 704 846 713 829 713 812 713 796 708 779 692 767L438 487 692 225C700 217 708 204 708 187 708 171 704 154 692 142 675 129 663 125 646 125Z\"><\/path><\/svg>\t\t\t\t\t\t<\/div>\n\t\t\t\t\t\t<div class=\"elementor-swiper-button elementor-swiper-button-next\" role=\"button\" tabindex=\"0\" aria-label=\"Next slide\">\n\t\t\t\t\t\t\t<svg aria-hidden=\"true\" class=\"e-font-icon-svg e-eicon-chevron-right\" viewBox=\"0 0 1000 1000\" xmlns=\"http:\/\/www.w3.org\/2000\/svg\"><path d=\"M696 533C708 521 713 504 713 487 713 471 708 454 696 446L400 146C388 133 375 125 354 125 338 125 325 129 313 142 300 154 292 171 292 187 292 204 296 221 308 233L563 492 304 771C292 783 288 800 288 817 288 833 296 850 308 863 321 871 338 875 354 875 371 875 388 867 400 854L696 533Z\"><\/path><\/svg>\t\t\t\t\t\t<\/div>\n\t\t\t\t\t\t\t\t\t\t\t\t\t\t\t\t<div class=\"swiper-pagination\"><\/div>\n\t\t\t\t\t\t\t\t\t\t\t\t<\/div>\n\t\t\t\t\t\t\t\t<\/div>\n\t\t\t\t<\/div>\n\t\t<div class=\"elementor-element elementor-element-4a7a8cf e-flex e-con-boxed e-con e-parent\" data-id=\"4a7a8cf\" data-element_type=\"container\">\n\t\t\t\t\t<div class=\"e-con-inner\">\n\t\t<div class=\"elementor-element elementor-element-30e073e e-con-full e-flex e-con e-child\" data-id=\"30e073e\" data-element_type=\"container\">\n\t\t\t\t<div class=\"elementor-element elementor-element-8c857c5 elementor-widget elementor-widget-image\" data-id=\"8c857c5\" data-element_type=\"widget\" data-widget_type=\"image.default\">\n\t\t\t\t\t\t\t\t\t\t\t\t\t\t\t<img fetchpriority=\"high\" decoding=\"async\" width=\"362\" height=\"308\" src=\"https:\/\/gestoriadesande.com\/wp-content\/uploads\/2026\/01\/asesoria.png\" class=\"attachment-large size-large wp-image-72\" alt=\"\" srcset=\"https:\/\/gestoriadesande.com\/wp-content\/uploads\/2026\/01\/asesoria.png 362w, https:\/\/gestoriadesande.com\/wp-content\/uploads\/2026\/01\/asesoria-300x255.png 300w\" sizes=\"(max-width: 362px) 100vw, 362px\" \/>\t\t\t\t\t\t\t\t\t\t\t\t\t\t\t<\/div>\n\t\t\t\t<\/div>\n\t\t<div class=\"elementor-element elementor-element-ec89ff2 e-con-full e-flex e-con e-child\" data-id=\"ec89ff2\" data-element_type=\"container\">\n\t\t\t\t<div class=\"elementor-element elementor-element-76e7775 elementor-widget elementor-widget-text-editor\" data-id=\"76e7775\" data-element_type=\"widget\" data-widget_type=\"text-editor.default\">\n\t\t\t\t\t\t\t\t\t<h5 data-start=\"187\" data-end=\"227\">\ud83d\udcca Asesoramiento contable y fiscal<\/h5><p data-start=\"228\" data-end=\"426\">Gesti\u00f3n completa de la contabilidad de aut\u00f3nomos y empresas. Presentaci\u00f3n de impuestos (IVA, IRPF, Sociedades), planificaci\u00f3n fiscal para pagar lo justo y cumplimiento de obligaciones ante Hacienda.<\/p><h5 data-start=\"428\" data-end=\"458\">\ud83d\udc65 Asesoramiento laboral<\/h5><p data-start=\"459\" data-end=\"634\">Altas y bajas de trabajadores, contratos, n\u00f3minas, finiquitos, despidos, seguros sociales y gesti\u00f3n ante la Seguridad Social. Acompa\u00f1amiento tanto a empresas como a empleados.<\/p><h5 data-start=\"636\" data-end=\"667\">\u2696\ufe0f Asesoramiento jur\u00eddico<\/h5><p data-start=\"668\" data-end=\"820\">Orientaci\u00f3n legal en temas civiles, mercantiles y administrativos. Redacci\u00f3n y revisi\u00f3n de contratos, reclamaciones, recursos y defensa de tus derechos.<\/p>\t\t\t\t\t\t\t\t<\/div>\n\t\t\t\t<div class=\"elementor-element elementor-element-ba2fb5f elementor-widget elementor-widget-button\" data-id=\"ba2fb5f\" data-element_type=\"widget\" data-widget_type=\"button.default\">\n\t\t\t\t\t\t\t\t\t\t<a class=\"elementor-button elementor-button-link elementor-size-sm\" href=\"#\">\n\t\t\t\t\t\t<span class=\"elementor-button-content-wrapper\">\n\t\t\t\t\t\t\t\t\t<span class=\"elementor-button-text\">SABER M\u00c1S<\/span>\n\t\t\t\t\t<\/span>\n\t\t\t\t\t<\/a>\n\t\t\t\t\t\t\t\t<\/div>\n\t\t\t\t<\/div>\n\t\t\t\t\t<\/div>\n\t\t\t\t<\/div>\n\t\t<div class=\"elementor-element elementor-element-05988c4 e-flex e-con-boxed e-con e-parent\" data-id=\"05988c4\" data-element_type=\"container\" data-settings=\"{&quot;background_background&quot;:&quot;classic&quot;,&quot;background_motion_fx_motion_fx_scrolling&quot;:&quot;yes&quot;,&quot;background_motion_fx_translateY_effect&quot;:&quot;yes&quot;,&quot;background_motion_fx_translateY_speed&quot;:{&quot;unit&quot;:&quot;px&quot;,&quot;size&quot;:4,&quot;sizes&quot;:[]},&quot;background_motion_fx_translateY_affectedRange&quot;:{&quot;unit&quot;:&quot;%&quot;,&quot;size&quot;:&quot;&quot;,&quot;sizes&quot;:{&quot;start&quot;:0,&quot;end&quot;:100}},&quot;background_motion_fx_devices&quot;:[&quot;desktop&quot;,&quot;tablet&quot;,&quot;mobile&quot;]}\">\n\t\t\t\t\t<div class=\"e-con-inner\">\n\t\t<div class=\"elementor-element elementor-element-753a872 e-con-full e-flex e-con e-child\" data-id=\"753a872\" data-element_type=\"container\" data-settings=\"{&quot;background_background&quot;:&quot;classic&quot;}\">\n\t\t\t\t<div class=\"elementor-element elementor-element-7963cdf elementor-widget elementor-widget-heading\" data-id=\"7963cdf\" data-element_type=\"widget\" data-widget_type=\"heading.default\">\n\t\t\t\t\t<h2 class=\"elementor-heading-title elementor-size-default\"><a href=\"https:\/\/gestoriadesande.com\/?page_id=38\">Declaraci\u00f3n de la renta<\/a><\/h2>\t\t\t\t<\/div>\n\t\t\t\t<\/div>\n\t\t<div class=\"elementor-element elementor-element-869efab e-con-full e-flex e-con e-child\" data-id=\"869efab\" data-element_type=\"container\" data-settings=\"{&quot;background_background&quot;:&quot;classic&quot;}\">\n\t\t\t\t<div class=\"elementor-element elementor-element-e0e61d7 elementor-widget elementor-widget-heading\" data-id=\"e0e61d7\" data-element_type=\"widget\" data-widget_type=\"heading.default\">\n\t\t\t\t\t<h2 class=\"elementor-heading-title elementor-size-default\"><a href=\"https:\/\/gestoriadesande.com\/?page_id=40\">Herencias<\/a><\/h2>\t\t\t\t<\/div>\n\t\t\t\t<\/div>\n\t\t<div class=\"elementor-element elementor-element-bcac51c e-con-full e-flex e-con e-child\" data-id=\"bcac51c\" data-element_type=\"container\" data-settings=\"{&quot;background_background&quot;:&quot;classic&quot;}\">\n\t\t\t\t<div class=\"elementor-element elementor-element-1079aa2 elementor-widget elementor-widget-heading\" data-id=\"1079aa2\" data-element_type=\"widget\" data-widget_type=\"heading.default\">\n\t\t\t\t\t<h2 class=\"elementor-heading-title elementor-size-default\"><a href=\"https:\/\/gestoriadesande.com\/?page_id=42\">Empleados del hogar<\/a><\/h2>\t\t\t\t<\/div>\n\t\t\t\t<\/div>\n\t\t<div class=\"elementor-element elementor-element-5876ab8 e-con-full e-flex e-con e-child\" data-id=\"5876ab8\" data-element_type=\"container\" data-settings=\"{&quot;background_background&quot;:&quot;classic&quot;}\">\n\t\t\t\t<div class=\"elementor-element elementor-element-d03ed80 elementor-widget elementor-widget-heading\" data-id=\"d03ed80\" data-element_type=\"widget\" data-widget_type=\"heading.default\">\n\t\t\t\t\t<h2 class=\"elementor-heading-title elementor-size-default\"><a href=\"https:\/\/gestoriadesande.com\/?page_id=44\">Gestiones de tr\u00e1fico<\/a><\/h2>\t\t\t\t<\/div>\n\t\t\t\t<\/div>\n\t\t<div class=\"elementor-element elementor-element-5ba8d4a e-con-full e-flex e-con e-child\" data-id=\"5ba8d4a\" data-element_type=\"container\" data-settings=\"{&quot;background_background&quot;:&quot;classic&quot;}\">\n\t\t\t\t<div class=\"elementor-element elementor-element-bdae407 elementor-widget elementor-widget-heading\" data-id=\"bdae407\" data-element_type=\"widget\" data-widget_type=\"heading.default\">\n\t\t\t\t\t<h2 class=\"elementor-heading-title elementor-size-default\"><a href=\"https:\/\/gestoriadesande.com\/?page_id=46\">Creaci\u00f3n de empresas<\/a><\/h2>\t\t\t\t<\/div>\n\t\t\t\t<\/div>\n\t\t<div class=\"elementor-element elementor-element-8a01120 e-con-full e-flex e-con e-child\" data-id=\"8a01120\" data-element_type=\"container\" data-settings=\"{&quot;background_background&quot;:&quot;classic&quot;}\">\n\t\t\t\t<div class=\"elementor-element elementor-element-bf71420 elementor-widget elementor-widget-heading\" data-id=\"bf71420\" data-element_type=\"widget\" data-widget_type=\"heading.default\">\n\t\t\t\t\t<h2 class=\"elementor-heading-title elementor-size-default\"><a href=\"https:\/\/gestoriadesande.com\/?page_id=48\">Extranjer\u00eda<\/a><\/h2>\t\t\t\t<\/div>\n\t\t\t\t<\/div>\n\t\t\t\t\t<\/div>\n\t\t\t\t<\/div>\n\t\t<div class=\"elementor-element elementor-element-aaba337 e-flex e-con-boxed e-con e-parent\" data-id=\"aaba337\" data-element_type=\"container\">\n\t\t\t\t\t<div class=\"e-con-inner\">\n\t\t<div class=\"elementor-element elementor-element-3b2990f e-con-full e-flex e-con e-child\" data-id=\"3b2990f\" data-element_type=\"container\">\n\t\t\t\t<div class=\"elementor-element elementor-element-d8f3b6a elementor-widget elementor-widget-image\" data-id=\"d8f3b6a\" data-element_type=\"widget\" data-widget_type=\"image.default\">\n\t\t\t\t\t\t\t\t\t\t\t\t\t\t\t<img decoding=\"async\" width=\"800\" height=\"487\" src=\"https:\/\/gestoriadesande.com\/wp-content\/uploads\/2026\/01\/gestora-1024x623.jpg\" class=\"attachment-large size-large wp-image-103\" alt=\"\" srcset=\"https:\/\/gestoriadesande.com\/wp-content\/uploads\/2026\/01\/gestora-1024x623.jpg 1024w, https:\/\/gestoriadesande.com\/wp-content\/uploads\/2026\/01\/gestora-300x182.jpg 300w, https:\/\/gestoriadesande.com\/wp-content\/uploads\/2026\/01\/gestora-768x467.jpg 768w, https:\/\/gestoriadesande.com\/wp-content\/uploads\/2026\/01\/gestora-1536x934.jpg 1536w\" sizes=\"(max-width: 800px) 100vw, 800px\" \/>\t\t\t\t\t\t\t\t\t\t\t\t\t\t\t<\/div>\n\t\t\t\t<\/div>\n\t\t<div class=\"elementor-element elementor-element-aecbe47 e-con-full e-flex e-con e-child\" data-id=\"aecbe47\" data-element_type=\"container\">\n\t\t\t\t<div class=\"elementor-element elementor-element-1d05944 elementor-widget elementor-widget-heading\" data-id=\"1d05944\" data-element_type=\"widget\" data-widget_type=\"heading.default\">\n\t\t\t\t\t<h2 class=\"elementor-heading-title elementor-size-default\">Sobre nosotros<\/h2>\t\t\t\t<\/div>\n\t\t\t\t<div class=\"elementor-element elementor-element-9914041 elementor-widget elementor-widget-text-editor\" data-id=\"9914041\" data-element_type=\"widget\" data-widget_type=\"text-editor.default\">\n\t\t\t\t\t\t\t\t\t<p data-start=\"236\" data-end=\"425\">En <strong data-start=\"239\" data-end=\"257\">Gestor\u00eda Sande<\/strong> acompa\u00f1amos a particulares, aut\u00f3nomos y empresas en la gesti\u00f3n de sus tr\u00e1mites administrativos, fiscales y legales con un enfoque claro: <strong data-start=\"395\" data-end=\"424\">hacerte la vida m\u00e1s f\u00e1cil<\/strong>.<\/p><p data-start=\"427\" data-end=\"713\">Trabajamos con cercan\u00eda, compromiso y profesionalidad, ofreciendo un trato personalizado y soluciones claras, sin tecnicismos innecesarios. Sabemos que detr\u00e1s de cada gesti\u00f3n hay una historia, un proyecto o una familia, por eso cuidamos cada detalle y te acompa\u00f1amos en todo el proceso.<\/p><p data-start=\"715\" data-end=\"828\">Nuestra misi\u00f3n es que tengas tranquilidad, seguridad y confianza, sabiendo que tus asuntos est\u00e1n en buenas manos.<\/p>\t\t\t\t\t\t\t\t<\/div>\n\t\t\t\t<div class=\"elementor-element elementor-element-eb74965 elementor-widget elementor-widget-button\" data-id=\"eb74965\" data-element_type=\"widget\" data-widget_type=\"button.default\">\n\t\t\t\t\t\t\t\t\t\t<a class=\"elementor-button elementor-button-link elementor-size-sm\" href=\"#\">\n\t\t\t\t\t\t<span class=\"elementor-button-content-wrapper\">\n\t\t\t\t\t\t\t\t\t<span class=\"elementor-button-text\">CONTACTO<\/span>\n\t\t\t\t\t<\/span>\n\t\t\t\t\t<\/a>\n\t\t\t\t\t\t\t\t<\/div>\n\t\t\t\t<\/div>\n\t\t\t\t\t<\/div>\n\t\t\t\t<\/div>\n\t\t\t\t<\/div>\n\t\t","protected":false},"excerpt":{"rendered":"<p>AsesoramientoGesti\u00f3n completa de la contabilidad de aut\u00f3nomos y empresas.VERHerenciaGesti\u00f3n integral de herencias y testamentosVERExtranjer\u00edaTramitaci\u00f3n de NIE, arraigo, residencia, nacionalidad espa\u00f1ola, renovaciones y recursos.VER \ud83d\udcca Asesoramiento contable y fiscal Gesti\u00f3n completa de la contabilidad de aut\u00f3nomos y empresas. Presentaci\u00f3n de impuestos (IVA, IRPF, Sociedades), planificaci\u00f3n fiscal para pagar lo justo y cumplimiento de obligaciones ante Hacienda. [&hellip;]<\/p>\n","protected":false},"author":1,"featured_media":0,"parent":0,"menu_order":0,"comment_status":"closed","ping_status":"closed","template":"elementor_header_footer","meta":{"footnotes":""},"class_list":["post-62","page","type-page","status-publish","hentry"],"_links":{"self":[{"href":"https:\/\/gestoriadesande.com\/index.php?rest_route=\/wp\/v2\/pages\/62","targetHints":{"allow":["GET"]}}],"collection":[{"href":"https:\/\/gestoriadesande.com\/index.php?rest_route=\/wp\/v2\/pages"}],"about":[{"href":"https:\/\/gestoriadesande.com\/index.php?rest_route=\/wp\/v2\/types\/page"}],"author":[{"embeddable":true,"href":"https:\/\/gestoriadesande.com\/index.php?rest_route=\/wp\/v2\/users\/1"}],"replies":[{"embeddable":true,"href":"https:\/\/gestoriadesande.com\/index.php?rest_route=%2Fwp%2Fv2%2Fcomments&post=62"}],"version-history":[{"count":44,"href":"https:\/\/gestoriadesande.com\/index.php?rest_route=\/wp\/v2\/pages\/62\/revisions"}],"predecessor-version":[{"id":121,"href":"https:\/\/gestoriadesande.com\/index.php?rest_route=\/wp\/v2\/pages\/62\/revisions\/121"}],"wp:attachment":[{"href":"https:\/\/gestoriadesande.com\/index.php?rest_route=%2Fwp%2Fv2%2Fmedia&parent=62"}],"curies":[{"name":"wp","href":"https:\/\/api.w.org\/{rel}","templated":true}]}}