{"id":44,"date":"2026-01-22T11:02:51","date_gmt":"2026-01-22T11:02:51","guid":{"rendered":"https:\/\/gestoriadesande.com\/?page_id=44"},"modified":"2026-02-12T11:53:28","modified_gmt":"2026-02-12T11:53:28","slug":"trafico","status":"publish","type":"page","link":"https:\/\/gestoriadesande.com\/?page_id=44","title":{"rendered":"Tr\u00e1fico"},"content":{"rendered":"\t\t<div data-elementor-type=\"wp-page\" data-elementor-id=\"44\" class=\"elementor elementor-44\" data-elementor-post-type=\"page\">\n\t\t\t\t<div class=\"elementor-element elementor-element-b688d9f e-con-full e-flex e-con e-parent\" data-id=\"b688d9f\" data-element_type=\"container\">\n\t\t\t\t<div class=\"elementor-element elementor-element-73235a09 elementor--h-position-center elementor--v-position-middle elementor-arrows-position-inside elementor-pagination-position-inside elementor-widget elementor-widget-slides\" data-id=\"73235a09\" data-element_type=\"widget\" data-settings=\"{&quot;navigation&quot;:&quot;both&quot;,&quot;autoplay&quot;:&quot;yes&quot;,&quot;pause_on_hover&quot;:&quot;yes&quot;,&quot;pause_on_interaction&quot;:&quot;yes&quot;,&quot;autoplay_speed&quot;:5000,&quot;infinite&quot;:&quot;yes&quot;,&quot;transition&quot;:&quot;slide&quot;,&quot;transition_speed&quot;:500}\" data-widget_type=\"slides.default\">\n\t\t\t\t\t\t\t\t\t\t<div class=\"elementor-slides-wrapper elementor-main-swiper swiper\" role=\"region\" aria-roledescription=\"carousel\" aria-label=\"Slides\" dir=\"ltr\" data-animation=\"fadeInUp\">\n\t\t\t\t<div class=\"swiper-wrapper elementor-slides\">\n\t\t\t\t\t\t\t\t\t\t<div class=\"elementor-repeater-item-323ebab swiper-slide\" role=\"group\" aria-roledescription=\"slide\"><div class=\"swiper-slide-bg elementor-ken-burns elementor-ken-burns--in\" role=\"img\" aria-label=\"trafico\"><\/div><div class=\"swiper-slide-inner\" ><div class=\"swiper-slide-contents\"><div class=\"elementor-slide-heading\">Tr\u00e1fico<\/div><\/div><\/div><\/div>\t\t\t\t<\/div>\n\t\t\t\t\t\t\t<\/div>\n\t\t\t\t\t\t\t\t<\/div>\n\t\t\t\t<\/div>\n\t\t<div class=\"elementor-element elementor-element-6ecd5c5b e-flex e-con-boxed e-con e-parent\" data-id=\"6ecd5c5b\" data-element_type=\"container\">\n\t\t\t\t\t<div class=\"e-con-inner\">\n\t\t\t\t<div class=\"elementor-element elementor-element-590faf55 elementor-widget elementor-widget-text-editor\" data-id=\"590faf55\" data-element_type=\"widget\" data-widget_type=\"text-editor.default\">\n\t\t\t\t\t\t\t\t\t<h3 data-start=\"1039\" data-end=\"1050\">Tr\u00e1fico<\/h3><p data-start=\"1052\" data-end=\"1241\">Prestamos un servicio de <strong data-start=\"1077\" data-end=\"1100\">gestor\u00eda de tr\u00e1fico<\/strong> para <strong data-start=\"1106\" data-end=\"1133\">particulares y empresas<\/strong>, agilizando tr\u00e1mites relacionados con veh\u00edculos de forma r\u00e1pida, eficaz y sin desplazamientos innecesarios.<\/p><p data-start=\"1243\" data-end=\"1322\">Nos ocupamos de todas las gestiones ante la Direcci\u00f3n General de Tr\u00e1fico (DGT).<\/p>\t\t\t\t\t\t\t\t<\/div>\n\t\t\t\t\t<\/div>\n\t\t\t\t<\/div>\n\t\t<div class=\"elementor-element elementor-element-633a2f3 e-flex e-con-boxed e-con e-parent\" data-id=\"633a2f3\" data-element_type=\"container\">\n\t\t\t\t\t<div class=\"e-con-inner\">\n\t\t<div class=\"elementor-element elementor-element-1d7fda83 e-con-full e-flex e-con e-child\" data-id=\"1d7fda83\" data-element_type=\"container\">\n\t\t\t\t<div class=\"elementor-element elementor-element-170a2c1b elementor-widget elementor-widget-image\" data-id=\"170a2c1b\" data-element_type=\"widget\" data-widget_type=\"image.default\">\n\t\t\t\t\t\t\t\t\t\t\t\t\t\t\t<img fetchpriority=\"high\" decoding=\"async\" width=\"800\" height=\"582\" src=\"https:\/\/gestoriadesande.com\/wp-content\/uploads\/2026\/02\/trafico-1024x745.png\" class=\"attachment-large size-large wp-image-206\" alt=\"\" srcset=\"https:\/\/gestoriadesande.com\/wp-content\/uploads\/2026\/02\/trafico-1024x745.png 1024w, https:\/\/gestoriadesande.com\/wp-content\/uploads\/2026\/02\/trafico-300x218.png 300w, https:\/\/gestoriadesande.com\/wp-content\/uploads\/2026\/02\/trafico-768x559.png 768w, https:\/\/gestoriadesande.com\/wp-content\/uploads\/2026\/02\/trafico-1536x1117.png 1536w, https:\/\/gestoriadesande.com\/wp-content\/uploads\/2026\/02\/trafico-2048x1490.png 2048w\" sizes=\"(max-width: 800px) 100vw, 800px\" \/>\t\t\t\t\t\t\t\t\t\t\t\t\t\t\t<\/div>\n\t\t\t\t<\/div>\n\t\t<div class=\"elementor-element elementor-element-7a2e7ff4 e-con-full e-flex e-con e-child\" data-id=\"7a2e7ff4\" data-element_type=\"container\">\n\t\t\t\t<div class=\"elementor-element elementor-element-66fdcdfa elementor-widget elementor-widget-text-editor\" data-id=\"66fdcdfa\" data-element_type=\"widget\" data-widget_type=\"text-editor.default\">\n\t\t\t\t\t\t\t\t\t<h5 data-start=\"1324\" data-end=\"1370\">\u00bfQu\u00e9 incluye nuestro servicio de tr\u00e1fico?<\/h5><p data-start=\"1371\" data-end=\"1451\">Gestionamos los principales tr\u00e1mites administrativos relacionados con veh\u00edculos.<\/p><ul data-start=\"1453\" data-end=\"1685\"><li data-start=\"1453\" data-end=\"1484\"><p data-start=\"1455\" data-end=\"1484\">Transferencia de veh\u00edculos.<\/p><\/li><li data-start=\"1485\" data-end=\"1518\"><p data-start=\"1487\" data-end=\"1518\">Informes de tr\u00e1fico y cargas.<\/p><\/li><li data-start=\"1519\" data-end=\"1560\"><p data-start=\"1521\" data-end=\"1560\">Matriculaciones y bajas de veh\u00edculos.<\/p><\/li><li data-start=\"1561\" data-end=\"1600\"><p data-start=\"1563\" data-end=\"1600\">Cambios de titularidad y domicilio.<\/p><\/li><li data-start=\"1601\" data-end=\"1643\"><p data-start=\"1603\" data-end=\"1643\">Duplicados de permisos de circulaci\u00f3n.<\/p><\/li><li data-start=\"1644\" data-end=\"1685\"><p data-start=\"1646\" data-end=\"1685\">Gesti\u00f3n de impuestos y tasas asociadas.<\/p><\/li><\/ul>\t\t\t\t\t\t\t\t<\/div>\n\t\t\t\t<\/div>\n\t\t\t\t\t<\/div>\n\t\t\t\t<\/div>\n\t\t\t\t<\/div>\n\t\t","protected":false},"excerpt":{"rendered":"<p>Tr\u00e1fico Tr\u00e1fico Prestamos un servicio de gestor\u00eda de tr\u00e1fico para particulares y empresas, agilizando tr\u00e1mites relacionados con veh\u00edculos de forma r\u00e1pida, eficaz y sin desplazamientos innecesarios. Nos ocupamos de todas las gestiones ante la Direcci\u00f3n General de Tr\u00e1fico (DGT). \u00bfQu\u00e9 incluye nuestro servicio de tr\u00e1fico? Gestionamos los principales tr\u00e1mites administrativos relacionados con veh\u00edculos. Transferencia de [&hellip;]<\/p>\n","protected":false},"author":1,"featured_media":0,"parent":0,"menu_order":0,"comment_status":"closed","ping_status":"closed","template":"elementor_header_footer","meta":{"footnotes":""},"class_list":["post-44","page","type-page","status-publish","hentry"],"_links":{"self":[{"href":"https:\/\/gestoriadesande.com\/index.php?rest_route=\/wp\/v2\/pages\/44","targetHints":{"allow":["GET"]}}],"collection":[{"href":"https:\/\/gestoriadesande.com\/index.php?rest_route=\/wp\/v2\/pages"}],"about":[{"href":"https:\/\/gestoriadesande.com\/index.php?rest_route=\/wp\/v2\/types\/page"}],"author":[{"embeddable":true,"href":"https:\/\/gestoriadesande.com\/index.php?rest_route=\/wp\/v2\/users\/1"}],"replies":[{"embeddable":true,"href":"https:\/\/gestoriadesande.com\/index.php?rest_route=%2Fwp%2Fv2%2Fcomments&post=44"}],"version-history":[{"count":4,"href":"https:\/\/gestoriadesande.com\/index.php?rest_route=\/wp\/v2\/pages\/44\/revisions"}],"predecessor-version":[{"id":209,"href":"https:\/\/gestoriadesande.com\/index.php?rest_route=\/wp\/v2\/pages\/44\/revisions\/209"}],"wp:attachment":[{"href":"https:\/\/gestoriadesande.com\/index.php?rest_route=%2Fwp%2Fv2%2Fmedia&parent=44"}],"curies":[{"name":"wp","href":"https:\/\/api.w.org\/{rel}","templated":true}]}}